{"id":1277,"date":"2022-03-01T22:41:29","date_gmt":"2022-03-01T22:41:29","guid":{"rendered":"https:\/\/www.sensorialsunsets.com\/?post_type=contributor&#038;p=1277"},"modified":"2022-03-01T22:41:30","modified_gmt":"2022-03-01T22:41:30","slug":"ginnette-barrantes-saenz","status":"publish","type":"contributor","link":"https:\/\/www.sensorialsunsets.com\/fr\/contributor\/ginnette-barrantes-saenz\/","title":{"rendered":"Ginnette Barrantes S\u00e1enz"},"content":{"rendered":"\n<p><strong>Psychanalyste<\/strong><br>Membre de l&rsquo;\u00c9cole Lacanienne de Psychanalyse.<br>Pratiquant la psychanalyse depuis 1980, au Costa Rica.<br>Professeur \u00e0 l&rsquo;Universit\u00e9 du Costa Rica.<br>Elle a \u00e9t\u00e9 r\u00e9dactrice en chef de la revue In$cribir el Psicoan\u00e1lisis (Acieps, 1994-1997).<br>P\u00e1gina Literal ( Elp, 2000-2008).<br>Cuadernos de Psicoan\u00e1lisis CLAROSCURO ( ELP, 2010-2017).<br>Charg\u00e9 de cours \u00e0 l&rsquo;\u00e9cole de th\u00e9\u00e2tre (2006-2015).<br>Professeur invit\u00e9, postgradu\u00e9 en Arts et Master en Th\u00e9orie psychanalytique.<br>Syst\u00e8me d&rsquo;\u00e9tudes sup\u00e9rieures. Universit\u00e9 du Costa Rica.<br>Conf\u00e9rencier invit\u00e9 en photographie. Universit\u00e9 Veritas.<br>Elle a \u00e9t\u00e9 invit\u00e9e \u00e0 donner des cours et des conf\u00e9rences dans diff\u00e9rents pays et a \u00e9crit de nombreux articles sur la psychanalyse, l&rsquo;art, le th\u00e9\u00e2tre et la litt\u00e9rature.<br>En 2016, elle a \u00e9t\u00e9 distingu\u00e9e par le gouvernement fran\u00e7ais avec la m\u00e9daille : Chevalier des Arts et des Lettres.<br>Actuellement, elle est la fondatrice du dispositif en ligne ABRIENDO BRECHA- frayage. De l&rsquo;\u00e9cole lacanienne de psychanalyse avec Rub\u00e9n Quepfert.<\/p>\n","protected":false},"excerpt":{"rendered":"<p>PsychanalysteMembre de l&rsquo;\u00c9cole Lacanienne de Psychanalyse.Pratiquant la psychanalyse depuis 1980, au Costa Rica.Professeur \u00e0 l&rsquo;Universit\u00e9 du Costa Rica.Elle a \u00e9t\u00e9 r\u00e9dactrice en chef de la revue In$cribir el Psicoan\u00e1lisis (Acieps, 1994-1997).P\u00e1gina Literal ( Elp, 2000-2008).Cuadernos de Psicoan\u00e1lisis CLAROSCURO ( ELP, 2010-2017).Charg\u00e9 de cours \u00e0 l&rsquo;\u00e9cole de th\u00e9\u00e2tre (2006-2015).Professeur invit\u00e9, postgradu\u00e9 en Arts et Master en [&hellip;]<\/p>\n","protected":false},"author":5,"featured_media":0,"template":"","class_list":["post-1277","contributor","type-contributor","status-publish","hentry"],"acf":[],"yoast_head":"<!-- This site is optimized with the Yoast SEO plugin v27.4 - https:\/\/yoast.com\/product\/yoast-seo-wordpress\/ -->\n<title>Ginnette Barrantes S\u00e1enz - SensorialSunsets<\/title>\n<meta name=\"robots\" content=\"index, follow, max-snippet:-1, max-image-preview:large, max-video-preview:-1\" \/>\n<link rel=\"canonical\" href=\"https:\/\/www.sensorialsunsets.com\/fr\/contributor\/ginnette-barrantes-saenz\/\" \/>\n<meta property=\"og:locale\" content=\"fr_FR\" \/>\n<meta property=\"og:type\" content=\"article\" \/>\n<meta property=\"og:title\" content=\"Ginnette Barrantes S\u00e1enz - SensorialSunsets\" \/>\n<meta property=\"og:description\" content=\"PsychanalysteMembre de l&rsquo;\u00c9cole Lacanienne de Psychanalyse.Pratiquant la psychanalyse depuis 1980, au Costa Rica.Professeur \u00e0 l&rsquo;Universit\u00e9 du Costa Rica.Elle a \u00e9t\u00e9 r\u00e9dactrice en chef de la revue In$cribir el Psicoan\u00e1lisis (Acieps, 1994-1997).P\u00e1gina Literal ( Elp, 2000-2008).Cuadernos de Psicoan\u00e1lisis CLAROSCURO ( ELP, 2010-2017).Charg\u00e9 de cours \u00e0 l&rsquo;\u00e9cole de th\u00e9\u00e2tre (2006-2015).Professeur invit\u00e9, postgradu\u00e9 en Arts et Master en [&hellip;]\" \/>\n<meta property=\"og:url\" content=\"https:\/\/www.sensorialsunsets.com\/fr\/contributor\/ginnette-barrantes-saenz\/\" \/>\n<meta property=\"og:site_name\" content=\"SensorialSunsets\" \/>\n<meta property=\"article:publisher\" content=\"https:\/\/www.facebook.com\/Sensorial-Sunsets-109180614715562\" \/>\n<meta property=\"article:modified_time\" content=\"2022-03-01T22:41:30+00:00\" \/>\n<meta property=\"og:image\" content=\"https:\/\/www.sensorialsunsets.com\/wp-content\/uploads\/2023\/07\/Sensorial.png\" \/>\n\t<meta property=\"og:image:width\" content=\"1200\" \/>\n\t<meta property=\"og:image:height\" content=\"675\" \/>\n\t<meta property=\"og:image:type\" content=\"image\/png\" \/>\n<meta name=\"twitter:card\" content=\"summary_large_image\" \/>\n<meta name=\"twitter:label1\" content=\"Dur\u00e9e de lecture estim\u00e9e\" \/>\n\t<meta name=\"twitter:data1\" content=\"1 minute\" \/>\n<script type=\"application\/ld+json\" class=\"yoast-schema-graph\">{\"@context\":\"https:\\\/\\\/schema.org\",\"@graph\":[{\"@type\":\"WebPage\",\"@id\":\"https:\\\/\\\/www.sensorialsunsets.com\\\/fr\\\/contributor\\\/ginnette-barrantes-saenz\\\/\",\"url\":\"https:\\\/\\\/www.sensorialsunsets.com\\\/fr\\\/contributor\\\/ginnette-barrantes-saenz\\\/\",\"name\":\"Ginnette Barrantes S\u00e1enz - SensorialSunsets\",\"isPartOf\":{\"@id\":\"https:\\\/\\\/www.sensorialsunsets.com\\\/fr\\\/#website\"},\"datePublished\":\"2022-03-01T22:41:29+00:00\",\"dateModified\":\"2022-03-01T22:41:30+00:00\",\"breadcrumb\":{\"@id\":\"https:\\\/\\\/www.sensorialsunsets.com\\\/fr\\\/contributor\\\/ginnette-barrantes-saenz\\\/#breadcrumb\"},\"inLanguage\":\"fr-FR\",\"potentialAction\":[{\"@type\":\"ReadAction\",\"target\":[\"https:\\\/\\\/www.sensorialsunsets.com\\\/fr\\\/contributor\\\/ginnette-barrantes-saenz\\\/\"]}]},{\"@type\":\"BreadcrumbList\",\"@id\":\"https:\\\/\\\/www.sensorialsunsets.com\\\/fr\\\/contributor\\\/ginnette-barrantes-saenz\\\/#breadcrumb\",\"itemListElement\":[{\"@type\":\"ListItem\",\"position\":1,\"name\":\"Contributors\",\"item\":\"https:\\\/\\\/www.sensorialsunsets.com\\\/fr\\\/contributor\\\/\"},{\"@type\":\"ListItem\",\"position\":2,\"name\":\"Ginnette Barrantes S\u00e1enz\"}]},{\"@type\":\"WebSite\",\"@id\":\"https:\\\/\\\/www.sensorialsunsets.com\\\/fr\\\/#website\",\"url\":\"https:\\\/\\\/www.sensorialsunsets.com\\\/fr\\\/\",\"name\":\"SensorialSunsets.com\",\"description\":\"D\u00e9couvrez la culture et la soci\u00e9t\u00e9 du Costa Rica sur notre blog. Explorez des articles captivants et partagez le contenu.\",\"publisher\":{\"@id\":\"https:\\\/\\\/www.sensorialsunsets.com\\\/fr\\\/#organization\"},\"alternateName\":\"Costa Rica Live Blog\",\"potentialAction\":[{\"@type\":\"SearchAction\",\"target\":{\"@type\":\"EntryPoint\",\"urlTemplate\":\"https:\\\/\\\/www.sensorialsunsets.com\\\/fr\\\/?s={search_term_string}\"},\"query-input\":{\"@type\":\"PropertyValueSpecification\",\"valueRequired\":true,\"valueName\":\"search_term_string\"}}],\"inLanguage\":\"fr-FR\"},{\"@type\":\"Organization\",\"@id\":\"https:\\\/\\\/www.sensorialsunsets.com\\\/fr\\\/#organization\",\"name\":\"SensorialSunsets\",\"url\":\"https:\\\/\\\/www.sensorialsunsets.com\\\/fr\\\/\",\"logo\":{\"@type\":\"ImageObject\",\"inLanguage\":\"fr-FR\",\"@id\":\"https:\\\/\\\/www.sensorialsunsets.com\\\/fr\\\/#\\\/schema\\\/logo\\\/image\\\/\",\"url\":\"https:\\\/\\\/www.sensorialsunsets.com\\\/wp-content\\\/uploads\\\/2023\\\/04\\\/Logo_base_line_fond_clair.svg\",\"contentUrl\":\"https:\\\/\\\/www.sensorialsunsets.com\\\/wp-content\\\/uploads\\\/2023\\\/04\\\/Logo_base_line_fond_clair.svg\",\"width\":\"1024\",\"height\":\"1024\",\"caption\":\"SensorialSunsets\"},\"image\":{\"@id\":\"https:\\\/\\\/www.sensorialsunsets.com\\\/fr\\\/#\\\/schema\\\/logo\\\/image\\\/\"},\"sameAs\":[\"https:\\\/\\\/www.facebook.com\\\/Sensorial-Sunsets-109180614715562\",\"https:\\\/\\\/www.instagram.com\\\/sensorialsunsets\\\/\"]}]}<\/script>\n<!-- \/ Yoast SEO plugin. -->","yoast_head_json":{"title":"Ginnette Barrantes S\u00e1enz - SensorialSunsets","robots":{"index":"index","follow":"follow","max-snippet":"max-snippet:-1","max-image-preview":"max-image-preview:large","max-video-preview":"max-video-preview:-1"},"canonical":"https:\/\/www.sensorialsunsets.com\/fr\/contributor\/ginnette-barrantes-saenz\/","og_locale":"fr_FR","og_type":"article","og_title":"Ginnette Barrantes S\u00e1enz - SensorialSunsets","og_description":"PsychanalysteMembre de l&rsquo;\u00c9cole Lacanienne de Psychanalyse.Pratiquant la psychanalyse depuis 1980, au Costa Rica.Professeur \u00e0 l&rsquo;Universit\u00e9 du Costa Rica.Elle a \u00e9t\u00e9 r\u00e9dactrice en chef de la revue In$cribir el Psicoan\u00e1lisis (Acieps, 1994-1997).P\u00e1gina Literal ( Elp, 2000-2008).Cuadernos de Psicoan\u00e1lisis CLAROSCURO ( ELP, 2010-2017).Charg\u00e9 de cours \u00e0 l&rsquo;\u00e9cole de th\u00e9\u00e2tre (2006-2015).Professeur invit\u00e9, postgradu\u00e9 en Arts et Master en [&hellip;]","og_url":"https:\/\/www.sensorialsunsets.com\/fr\/contributor\/ginnette-barrantes-saenz\/","og_site_name":"SensorialSunsets","article_publisher":"https:\/\/www.facebook.com\/Sensorial-Sunsets-109180614715562","article_modified_time":"2022-03-01T22:41:30+00:00","og_image":[{"width":1200,"height":675,"url":"https:\/\/www.sensorialsunsets.com\/wp-content\/uploads\/2023\/07\/Sensorial.png","type":"image\/png"}],"twitter_card":"summary_large_image","twitter_misc":{"Dur\u00e9e de lecture estim\u00e9e":"1 minute"},"schema":{"@context":"https:\/\/schema.org","@graph":[{"@type":"WebPage","@id":"https:\/\/www.sensorialsunsets.com\/fr\/contributor\/ginnette-barrantes-saenz\/","url":"https:\/\/www.sensorialsunsets.com\/fr\/contributor\/ginnette-barrantes-saenz\/","name":"Ginnette Barrantes S\u00e1enz - SensorialSunsets","isPartOf":{"@id":"https:\/\/www.sensorialsunsets.com\/fr\/#website"},"datePublished":"2022-03-01T22:41:29+00:00","dateModified":"2022-03-01T22:41:30+00:00","breadcrumb":{"@id":"https:\/\/www.sensorialsunsets.com\/fr\/contributor\/ginnette-barrantes-saenz\/#breadcrumb"},"inLanguage":"fr-FR","potentialAction":[{"@type":"ReadAction","target":["https:\/\/www.sensorialsunsets.com\/fr\/contributor\/ginnette-barrantes-saenz\/"]}]},{"@type":"BreadcrumbList","@id":"https:\/\/www.sensorialsunsets.com\/fr\/contributor\/ginnette-barrantes-saenz\/#breadcrumb","itemListElement":[{"@type":"ListItem","position":1,"name":"Contributors","item":"https:\/\/www.sensorialsunsets.com\/fr\/contributor\/"},{"@type":"ListItem","position":2,"name":"Ginnette Barrantes S\u00e1enz"}]},{"@type":"WebSite","@id":"https:\/\/www.sensorialsunsets.com\/fr\/#website","url":"https:\/\/www.sensorialsunsets.com\/fr\/","name":"SensorialSunsets.com","description":"D\u00e9couvrez la culture et la soci\u00e9t\u00e9 du Costa Rica sur notre blog. Explorez des articles captivants et partagez le contenu.","publisher":{"@id":"https:\/\/www.sensorialsunsets.com\/fr\/#organization"},"alternateName":"Costa Rica Live Blog","potentialAction":[{"@type":"SearchAction","target":{"@type":"EntryPoint","urlTemplate":"https:\/\/www.sensorialsunsets.com\/fr\/?s={search_term_string}"},"query-input":{"@type":"PropertyValueSpecification","valueRequired":true,"valueName":"search_term_string"}}],"inLanguage":"fr-FR"},{"@type":"Organization","@id":"https:\/\/www.sensorialsunsets.com\/fr\/#organization","name":"SensorialSunsets","url":"https:\/\/www.sensorialsunsets.com\/fr\/","logo":{"@type":"ImageObject","inLanguage":"fr-FR","@id":"https:\/\/www.sensorialsunsets.com\/fr\/#\/schema\/logo\/image\/","url":"https:\/\/www.sensorialsunsets.com\/wp-content\/uploads\/2023\/04\/Logo_base_line_fond_clair.svg","contentUrl":"https:\/\/www.sensorialsunsets.com\/wp-content\/uploads\/2023\/04\/Logo_base_line_fond_clair.svg","width":"1024","height":"1024","caption":"SensorialSunsets"},"image":{"@id":"https:\/\/www.sensorialsunsets.com\/fr\/#\/schema\/logo\/image\/"},"sameAs":["https:\/\/www.facebook.com\/Sensorial-Sunsets-109180614715562","https:\/\/www.instagram.com\/sensorialsunsets\/"]}]}},"_links":{"self":[{"href":"https:\/\/www.sensorialsunsets.com\/fr\/wp-json\/wp\/v2\/contributor\/1277","targetHints":{"allow":["GET"]}}],"collection":[{"href":"https:\/\/www.sensorialsunsets.com\/fr\/wp-json\/wp\/v2\/contributor"}],"about":[{"href":"https:\/\/www.sensorialsunsets.com\/fr\/wp-json\/wp\/v2\/types\/contributor"}],"author":[{"embeddable":true,"href":"https:\/\/www.sensorialsunsets.com\/fr\/wp-json\/wp\/v2\/users\/5"}],"version-history":[{"count":0,"href":"https:\/\/www.sensorialsunsets.com\/fr\/wp-json\/wp\/v2\/contributor\/1277\/revisions"}],"wp:attachment":[{"href":"https:\/\/www.sensorialsunsets.com\/fr\/wp-json\/wp\/v2\/media?parent=1277"}],"curies":[{"name":"wp","href":"https:\/\/api.w.org\/{rel}","templated":true}]}}

Ginnette Barrantes Sáenz

<p><strong>Psychanalyste</strong><br>Membre de l&rsquo;École Lacanienne de Psychanalyse.<br>Pratiquant la psychanalyse depuis 1980, au Costa Rica.<br>Professeur à l&rsquo;Université du Costa Rica.<br>Elle a été rédactrice en chef de la revue In$cribir el Psicoanálisis (Acieps, 1994-1997).<br>Página Literal ( Elp, 2000-2008).<br>Cuadernos de Psicoanálisis CLAROSCURO ( ELP, 2010-2017).<br>Chargé de cours à l&rsquo;école de théâtre (2006-2015).<br>Professeur invité, postgradué en Arts et Master en Théorie psychanalytique.<br>Système d&rsquo;études supérieures. Université du Costa Rica.<br>Conférencier invité en photographie. Université Veritas.<br>Elle a été invitée à donner des cours et des conférences dans différents pays et a écrit de nombreux articles sur la psychanalyse, l&rsquo;art, le théâtre et la littérature.<br>En 2016, elle a été distinguée par le gouvernement français avec la médaille : Chevalier des Arts et des Lettres.<br>Actuellement, elle est la fondatrice du dispositif en ligne ABRIENDO BRECHA- frayage. De l&rsquo;école lacanienne de psychanalyse avec Rubén Quepfert.</p>

<p>PsychanalysteMembre de l&rsquo;École Lacanienne de Psychanalyse.Pratiquant la psychanalyse depuis 1980, au Costa Rica.Professeur à l&rsquo;Université du Costa Rica.Elle a été rédactrice en chef de la revue In$cribir el Psicoanálisis (Acieps, 1994-1997).Página Literal ( Elp, 2000-2008).Cuadernos de Psicoanálisis CLAROSCURO ( ELP, 2010-2017).Chargé de cours à l&rsquo;école de théâtre (2006-2015).Professeur invité, postgradué en Arts et Master en [&hellip;]</p>

<!-- This site is optimized with the Yoast SEO plugin v27.4 - https://yoast.com/product/yoast-seo-wordpress/ -->
<title>Ginnette Barrantes Sáenz - SensorialSunsets</title>
<meta name="robots" content="index, follow, max-snippet:-1, max-image-preview:large, max-video-preview:-1" />
<link rel="canonical" href="https://www.sensorialsunsets.com/fr/contributor/ginnette-barrantes-saenz/" />
<meta property="og:locale" content="fr_FR" />
<meta property="og:type" content="article" />
<meta property="og:title" content="Ginnette Barrantes Sáenz - SensorialSunsets" />
<meta property="og:description" content="PsychanalysteMembre de l&rsquo;École Lacanienne de Psychanalyse.Pratiquant la psychanalyse depuis 1980, au Costa Rica.Professeur à l&rsquo;Université du Costa Rica.Elle a été rédactrice en chef de la revue In$cribir el Psicoanálisis (Acieps, 1994-1997).Página Literal ( Elp, 2000-2008).Cuadernos de Psicoanálisis CLAROSCURO ( ELP, 2010-2017).Chargé de cours à l&rsquo;école de théâtre (2006-2015).Professeur invité, postgradué en Arts et Master en [&hellip;]" />
<meta property="og:url" content="https://www.sensorialsunsets.com/fr/contributor/ginnette-barrantes-saenz/" />
<meta property="og:site_name" content="SensorialSunsets" />
<meta property="article:publisher" content="https://www.facebook.com/Sensorial-Sunsets-109180614715562" />
<meta property="article:modified_time" content="2022-03-01T22:41:30+00:00" />
<meta property="og:image" content="https://www.sensorialsunsets.com/wp-content/uploads/2023/07/Sensorial.png" />
	<meta property="og:image:width" content="1200" />
	<meta property="og:image:height" content="675" />
	<meta property="og:image:type" content="image/png" />
<meta name="twitter:card" content="summary_large_image" />
<meta name="twitter:label1" content="Durée de lecture estimée" />
	<meta name="twitter:data1" content="1 minute" />
<script type="application/ld+json" class="yoast-schema-graph">{"@context":"https:\/\/schema.org","@graph":[{"@type":"WebPage","@id":"https:\/\/www.sensorialsunsets.com\/fr\/contributor\/ginnette-barrantes-saenz\/","url":"https:\/\/www.sensorialsunsets.com\/fr\/contributor\/ginnette-barrantes-saenz\/","name":"Ginnette Barrantes Sáenz - SensorialSunsets","isPartOf":{"@id":"https:\/\/www.sensorialsunsets.com\/fr\/#website"},"datePublished":"2022-03-01T22:41:29+00:00","dateModified":"2022-03-01T22:41:30+00:00","breadcrumb":{"@id":"https:\/\/www.sensorialsunsets.com\/fr\/contributor\/ginnette-barrantes-saenz\/#breadcrumb"},"inLanguage":"fr-FR","potentialAction":[{"@type":"ReadAction","target":["https:\/\/www.sensorialsunsets.com\/fr\/contributor\/ginnette-barrantes-saenz\/"]}]},{"@type":"BreadcrumbList","@id":"https:\/\/www.sensorialsunsets.com\/fr\/contributor\/ginnette-barrantes-saenz\/#breadcrumb","itemListElement":[{"@type":"ListItem","position":1,"name":"Contributors","item":"https:\/\/www.sensorialsunsets.com\/fr\/contributor\/"},{"@type":"ListItem","position":2,"name":"Ginnette Barrantes Sáenz"}]},{"@type":"WebSite","@id":"https:\/\/www.sensorialsunsets.com\/fr\/#website","url":"https:\/\/www.sensorialsunsets.com\/fr\/","name":"SensorialSunsets.com","description":"Découvrez la culture et la société du Costa Rica sur notre blog. Explorez des articles captivants et partagez le contenu.","publisher":{"@id":"https:\/\/www.sensorialsunsets.com\/fr\/#organization"},"alternateName":"Costa Rica Live Blog","potentialAction":[{"@type":"SearchAction","target":{"@type":"EntryPoint","urlTemplate":"https:\/\/www.sensorialsunsets.com\/fr\/?s={search_term_string}"},"query-input":{"@type":"PropertyValueSpecification","valueRequired":true,"valueName":"search_term_string"}}],"inLanguage":"fr-FR"},{"@type":"Organization","@id":"https:\/\/www.sensorialsunsets.com\/fr\/#organization","name":"SensorialSunsets","url":"https:\/\/www.sensorialsunsets.com\/fr\/","logo":{"@type":"ImageObject","inLanguage":"fr-FR","@id":"https:\/\/www.sensorialsunsets.com\/fr\/#\/schema\/logo\/image\/","url":"https:\/\/www.sensorialsunsets.com\/wp-content\/uploads\/2023\/04\/Logo_base_line_fond_clair.svg","contentUrl":"https:\/\/www.sensorialsunsets.com\/wp-content\/uploads\/2023\/04\/Logo_base_line_fond_clair.svg","width":"1024","height":"1024","caption":"SensorialSunsets"},"image":{"@id":"https:\/\/www.sensorialsunsets.com\/fr\/#\/schema\/logo\/image\/"},"sameAs":["https:\/\/www.facebook.com\/Sensorial-Sunsets-109180614715562","https:\/\/www.instagram.com\/sensorialsunsets\/"]}]}</script>
<!-- / Yoast SEO plugin. -->

Ginnette Barrantes Sáenz - SensorialSunsets

PsychanalysteMembre de l&rsquo;École Lacanienne de Psychanalyse.Pratiquant la psychanalyse depuis 1980, au Costa Rica.Professeur à l&rsquo;Université du Costa Rica.Elle a été rédactrice en chef de la revue In$cribir el Psicoanálisis (Acieps, 1994-1997).Página Literal ( Elp, 2000-2008).Cuadernos de Psicoanálisis CLAROSCURO ( ELP, 2010-2017).Chargé de cours à l&rsquo;école de théâtre (2006-2015).Professeur invité, postgradué en Arts et Master en [&hellip;]

Découvrez la culture et la société du Costa Rica sur notre blog. Explorez des articles captivants et partagez le contenu.
